+ 17. Let o(l) = -38*l - 16. Let a(i) = 4*o(i) + 3*x(i). Suppose 2*j = -n + 14, 3*j = 8 + 1. Calculate a(n).
-5
Suppose 0 = 7*b - 11*b + 40. Let a(f) = -16*f**2 + b*f**2 + 5*f**2 - 9 + 8*f. Determine a(8).
-9
Let d = -2 - -6. Let m be 33/1 + 0 + -7 + 3. Let y(u) = 4 + 2*u**3 + 2*u - u**3 - m*u**2 + 23*u**2 + 3*u. Calculate y(d).
-8
Let k(s) = -2*s - 19. Let g be k(-8). Let j(d) = d**3 + 3*d**2 - d + 2. Calculate j(g).
5
Let t = 63 - 62. Let i(o) = 2*o. Let y(m) = -m**2 - 14*m - 6. Let c(p) = t*y(p) + 5*i(p). Calculate c(-4).
-6
Let c(q) be the third derivative of q**7/840 - q**6/45 + q**5/24 + q**4/6 - q**3/2 - 4*q**2. Let t(b) be the first derivative of c(b). What is t(7)?
-10
Let n(p) = p**3 + 5*p**2 - 7*p - 2. Let f be 10/60 + 2/(-12). Suppose d - 8 + 14 = f. Give n(d).
4
Let s(r) = -r. Let i be s(5). Suppose 6*y + 0 = 12. Let o(l) = -l**y - 3*l + 0*l**2 - 2 - 4*l. What is o(i)?
8
Suppose -r + 3*r - 10 = 0. Let j(l) = -5 - 3 - 2 - r*l + 13. Determine j(2).
-7
Let b(n) = 7*n + 10. Let z be b(-3). Let u(p) = -3*p**2 + 2*p + 3. Let j(o) = 8*o**2 - 7*o - 9. Let t(h) = z*u(h) - 4*j(h). What is t(-2)?
-5
Suppose 3*r - 3*n - 18 - 192 = 0, 3*r - 5*n - 218 = 0. Let j(t) = 4*t**2 - r + 0*t + 3*t + 67 - t**3 - 2*t. What is j(4)?
5
Let g(j) = -j**3 + 10*j**2 - 8*j - 7. Let p(v) = -2*v - 1. Let w(t) = g(t) + 2*p(t). Give w(9).
-36
Let d(y) = -y**3 - 10*y**2 - 9*y + 1. Suppose 0 = 2*t + 2*u + 12, 2*t + 19 = u - 2. Calculate d(t).
1
Suppose 2*u + 30 = -d, -3*u + 3*d - 45 + 9 = 0. Let v(a) = -a**2 - 16*a - 23. Calculate v(u).
5
Let n(o) = o + 13. Let b be ((-2)/3)/(4/36*3). Let h be b/(-32)*-4 + (-27)/4. Determine n(h).
6
Let k(u) = u**3 + 7*u**2 + 9*u + 12. Let t(b) = 3*b + 66. Let x be t(-24). Determine k(x).
-6
Let b(d) = -1925 + 3*d**2 - 1916 + d**3 + 3842 + 5*d. Calculate b(-2).
-5
Suppose 2*g - 26 = -10*o + 12*o, 0 = -4*g - 4*o + 28. Let c(s) = s**3 - 11*s**2 + 7*s + 14. Calculate c(g).
-16
Let k(i) be the first derivative of -i**3/3 - 6*i**2 - 13*i + 82. What is k(-8)?
19
Let r(t) be the first derivative of t**4/4 - 5*t**3/3 + 2*t**2 - 3*t - 1. Let q = 16 + -11. Suppose -9*i + 16 = -q*i. Calculate r(i).
-3
Let q(c) = -c**3 + 5*c**2 + 4. Suppose 17*g = 12*g + 40. Suppose 13*s = g*s + 25. What is q(s)?
4
Let c = -2 - -1. Let f(a) = -26*a. Let p(d) = -9*d. Let l(x) = 4*f(x) - 13*p(x). Determine l(c).
-13
Let v(o) = o**2. Let a(b) be the second derivative of b**4/3 - 4*b**3/3 + 5*b**2/2 + 20*b. Let i(q) = a(q) - 3*v(q). Determine i(7).
-2
Let d(j) = -9*j**2 + 2*j + 14. Let l(n) = -7*n**2 + 3*n + 12. Let g(k) = -3*d(k) + 4*l(k). Calculate g(7).
-1
Let p(h) = 5*h - 5 + 0*h - 9*h. Determine p(-2).
3
Let s(o) be the first derivative of -7/2*o**2 - 32 + 0*o. Give s(2).
-14
Let f(h) = -h**2 - 13*h - 23. Suppose 0 = 5*z + 4*v + 66, 0 = -4*z - 10*v + 11*v - 36. Determine f(z).
7
Let g be (-2)/(-4*1/154). Suppose 2*h + z + z = -38, -z + g = -5*h. Let t = 19 + h. Let j(r) = -r**3 + 2*r**2 + 2*r + 2. Give j(t).
-1
Let y(q) = q**2 - 18*q**2 + 5*q - 5*q + 0*q**2. What is y(-1)?
-17
Suppose -259 = 10*r - 239. Let n(m) = -m**2 + m - 2. Determine n(r).
-8
Let z(x) be the third derivative of 0 + 1/8*x**4 - 39*x**2 + 1/3*x**3 + 0*x. What is z(-3)?
-7
Suppose 4*a + 0*a = 0. Let f be a/(-1 + (-3)/3). Let r(s) = f*s**3 + 5 - 4*s**2 + 8*s**2 + s**3. Determine r(-4).
5
Let q(v) = v - 1. Let r(x) = -x**2 - 6*x - 7. Let f(o) = 2*q(o) - r(o). Let g = -202 - -207. Suppose -32 = g*y - a, 2*y - a - a + 16 = 0. Give f(y).
-7
Let x(a) = -6*a + 13. Let g(h) = 2*h - 8. Let m(b) = -5*g(b) - 2*x(b). Determine m(-9).
-4
Let r(a) = -6*a**3 - a**2 + 2*a + 3. Let x = -1757 + 1756. Calculate r(x).
6
Let o = -9 + 4. Let q be 4 - (-2 - (o - -2)). Suppose 0 = -4*h - 5*u - 17, q*u = -3*h - h - 7. Let v(z) = -2*z**3 + 4*z**2 - 2*z - 1. Give v(h).
-5
Let k = 518 - 515. Let y(j) = j**3 - 3*j**2 - 3*j + 2. What is y(k)?
-7
Suppose 5*x + 5*h + 5 = 0, 2*h = -8*x + 7*x + 4. Let y(n) = n**2 - 32. Determine y(x).
4
Let a(f) = -3*f**2 - 5*f - 1. Let g(u) = 5*u**2 + 11*u + 2. Let i(l) = -13*a(l) - 6*g(l). Suppose 0 = 170*v - 167*v - 3. Determine i(v).
9
Let w(m) = m**2 + 3*m - 18. Let d be w(-6). Let x(i) = i**2 - 13. Give x(d).
-13
Let s(i) = -i**2 + 3*i + 2. Let r be s(4). Let k = -2 + r. Let w(l) = -4 + 3*l + 2 + l**2 + l. Calculate w(k).
-2
Let q(v) = -5*v**3 - 7*v**2 - 19*v + 33. Let m(z) = -z**3 - 2*z**2 - 5*z + 8. Let c(b) = 9*m(b) - 2*q(b). Determine c(4).
-22
Let k(o) = 13*o**2 + 2*o - 23*o**2 + 11*o**2 + 3 - 6*o. Suppose 5*z = z - 8. Let g be 3/(-2)*z - 1. Give k(g).
-1
Let k = 31 - 33. Let n(i) = 4*i**2 + 5*i - 1. Suppose 5*b = 5*c - 0*c + 10, 5*b + 3*c = -22. Let h(v) = -3*v**2 - 4*v. Let a(q) = b*n(q) - 3*h(q). What is a(k)?
2
Let t(y) = -3*y + 2. Let j be (-4)/(-3) - (-20)/30. Let b(m) = 0*m**3 + 8*m - j*m**3 + 3*m**3 - 8*m**2 - 5. Let l be b(7). Give t(l).
-4
Let i(k) be the second derivative of k**5/2 - k**4/6 - k**3/3 + k**2/2 + 654*k. Calculate i(-1).
-9
Suppose -12*f + 10*f = -46. Suppose 0 = 4*n - 3 + f. Let b(l) = -l - 6. Calculate b(n).
-1
Suppose 1 = -4*x + 5*x. Let k be (7/(28/(-8)))/(-2). Let z(j) = k - 1 + 1 - 2 + 9*j. Calculate z(x).
8
Let w(k) = k - 1. Let u be w(7). Let d(p) = u*p**2 - p + 2*p - 8 - p**3 + 3*p + 2*p. Give d(7).
-15
Let s(o) = 3*o - 5. Let n = 250 - 248. Determine s(n).
1
Let c(y) be the second derivative of 5*y**4/12 + y**3/3 + y**2 - 109*y + 2. Determine c(-1).
5
Let w(d) be the third derivative of 16*d**2 - 1/3*d**3 - 1/24*d**4 - 1/20*d**5 + 1/120*d**6 + 0*d + 0. Calculate w(3).
-5
Let z(m) = m**2 - m - 6. Let s be z(-3). Let d = s + -3. Suppose d*g - 15 = 0, 2*l + 2*l + 10 = -2*g. Let a(u) = -u. What is a(l)?
5
Let v(o) = o**3 - 7*o**2 + 6*o + 6. Let h(m) = -m**3 - 14*m**2 - 13*m + 9. Let c be h(-13). Suppose -c = 3*d - 27. Calculate v(d).
6
Let w(p) = p**2 + 9*p + 10. Let s(h) = 4*h**2 + 37*h + 41. Let y(b) = -2*s(b) + 9*w(b). Let x(g) = -4*g**2 - 2*g - 5. Let m be x(-1). Give y(m).
8
Suppose 0*m + 18 = 3*m. Suppose -n - 9 = -11. Let b(h) = -3*h**2 + 7*h + 1. Let j(v) = 16*v**2 - 36*v - 4. Let t(p) = n*j(p) + 11*b(p). What is t(m)?
-3
Suppose -y - 10 = -4*r, 0*r + 2*y = 4*r - 8. Let o(x) = -2*x - 4*x**3 - 3 - 2 - x**r + 4. What is o(-1)?
6
Suppose 3*v + 0 = 5*t - 2, 5*t = -3*v - 52. Let x(k) = -k**3 - 9*k**2 - 2*k - 8. Calculate x(v).
10
Let n(x) = -x**2 - 15*x + 43. Let l(j) = j**3 + 3*j**2 - 154*j - 17. Let w be l(11). Calculate n(w).
9
Let k(h) = -h**3 + 5*h**2 - 3*h + 3. Suppose 45*j - 42*j = 12. Suppose 30*p = 31*p - j. Give k(p).
7
Let u(c) = c + 1. Let d be (-6)/((-24)/4 - -4) - 6. Give u(d).
-2
Suppose 11*v + 5 = 12*v. Let z(i) = i - 5. Let o(m) = 2*m - 9. Let x(g) = v*z(g) - 2*o(g). What is x(3)?
-4
Suppose 13*q = 3*q - 10. Let k(o) = 10*o + 6. Calculate k(q).
-4
Let s = 34 + -31. Suppose -s*c - c + 24 = -2*g, -2*c = g - 12. Let p(t) = -t**3 + 5*t**2 + 2*t + 3. Determine p(c).
-21
Let d(j) = 5*j**2 + 11*j + 13. Let h(i) = -16*i**2 - 38*i - 40. Let x(g) = -13*d(g) - 4*h(g). Calculate x(6).
9
Let t(o) = -1 - 5*o - 2 - 8 + 0. Suppose x - 6 = -4. Let n(g) = g + 2. Let r(v) = x*t(v) + 11*n(v). Determine r(5).
5
Suppose 2*s = -4*s + 2046. Suppose 5*u - s = 219. Let q be u/18 - (-24)/(-108). Let m(k) = k**2 - 5*k - 8. Give m(q).
-2
Let u(k) = 5*k**2 + k + 1. Let a be u(-1). Let d(v) = 2*v**2 - 3*v + 5. Let c be d(2). Let r(q) = -c*q - q + 9*q - 4. Give r(a).
1
Let x(y) = -y**2 - 4*y - 3. Let u(l) = -4 + l**3 - 1 - 143*l**2 + 137*l**2. Let z be u(6). What is x(z)?
-8
Let f(j) = -2*j**2 - 4*j - 12. Let z be f(-4). Let v = z + 23. Let x(l) = l**3 + 6*l**2 + 6*l + 1. Calculate x(v).
-4
Let u(g) = g**2 + 3*g - 2. Let p be (-228)/54 + 4 - 4/(-18). Suppose -5*c + 2*c - 2*i - 17 = p, -8 = -4*c + 5*i. Determine u(c).
-2
Let i(l) be the first derivative of -3*l**2/2 - 48. Let v be i(-2). Let x(a) = a**3 - 7*a**2 + 6*a + 3. What is x(v)?
3
Suppose -36 = 2*b - 6*b. Suppose y - 25 = -2*y + 2*g, -b = y - 5*g. Suppose -2*c + 16 = -3*t - t, -c + 5*t + y = 0. Let u(d) = -d**2 + 10*d - 7. Give u(c).
17
Let s = 10 - 7. Let u be 0*(s/6)/(-1). Let c(m) = -2 + 0*m**2 + 3*m**2 - 5*m**2 - 3*m + u*m. What is c(-2)?
-4
Let g(r) = -r**3 + r**2 + 2. Suppose -3*s = -5*u - 66 - 51, -3*s + 4*u = -114. Let y = -48 + s. Let o = -14 - y. What is g(o)?
2
Let b(t) = t + 6. Let d be b(-7